
1
What is the value of (0 - 1) + 5 + -3 - 3?
-2
What is -1 + (9 - 3) + -4?
1
What is 0 - (1 + 0 + 1)?
-2
Evaluate (2 - -2) + (-23 - -5) - -7.
-7
What is the value of 0 - -3 - -1 - (-55 + 60)?
-1
Evaluate -3 + (3 - -5) - (-10 + 13).
2
Evaluate 4 + -10 + 5 + -2 + -3.
-6
What is the value of -7 + 1 - (-7 - (-2 + -1))?
-2
Calculate -6 - -2 - 5 - -6.
-3
What is the value of 3 + (1 + -5 - (-55 - -61))?
-7
What is the value of -1 + (8 + -7 - (-1 + 5))?
-4
Calculate 7 + (1 + 1 - 5).
4
Calculate -3 - (3 - (11 + -1)).
4
Evaluate -98 + 91 + (1 - -7).
1
What is the value of 1 + 1 + -2 - (0 + 5)?
-5
9 + 11 + -13 + -3
4
What is the value of (-5 - (-5 + 3 - 0)) + 0?
-3
What is the value of (2 - 1) + -1 + 2 + -2?
0
Calculate -8 + 3 + (0 + 5 - 5).
-5
What is the value of -6 + (-5 + 8 - 1) + 4?
0
(4 - 2) + 37 + -32
7
-1 + -4 - (15 + -17)
-3
What is -3 - (-12 + (8 - 1))?
2
-4 + 7 + -6 + 6
3
-4 + -1 + 3 + -1 + -1
-4
8 + -11 + (2 + -3 - -7)
3
5 + 6 + -6 - (0 - -7)
-2
What is the value of 2 - (6 + (-8 - 1))?
5
What is 5 + 3 + -5 + 0?
3
Evaluate (-4 - (-2 - 0)) + -1 + -1.
-4
What is the value of 13 - 24 - 6 - -14?
-3
Evaluate -3 - 3 - -9 - 0.
3
-3 - (2 - (1 + -4 - -4))
-4
-1 + -1 + 9 + -13
-6
Evaluate 7 + (-10 - (-8 + (5 - 3))).
3
Evaluate 15 - ((2 - -9) + -3).
7
What is the value of -3 + (-4 - (-12 + -1 + 2))?
4
What is 4 - (3 + (-1 - -5))?
-3
What is the value of -8 - (-1 - 3) - -1?
-3
(9 - 10) + (6 - 2) + -5
-2
What is (-3 - -7) + -2 + 4?
6
Calculate 4 + -5 - 1 - (2 + 1).
-5
What is the value of 8 - (-6 + -2 - (-18 + -9))?
-11
Evaluate (-1 - 0) + 3 - 5.
-3
7 + (3 - 2) - (4 - 1)
5
What is 10 + -17 + 7 + 1 + 1?
2
-8 + (-7 - -10) - 2
-7
What is (-12 - -5) + -13 - -10?
-10
What is 7 - ((-6 - -2) + 8)?
3
What is -2 + 4 - (2 + 1) - 3?
-4
What is -11 - (0 - (2 + 5))?
-4
13 + ((-7 - -8) + -13 - -6)
7
Calculate (-16 - -11 - -10) + -11.
-6
What is 2 + (8 + -6 - 3)?
1
What is the value of -4 + (9 - 7 - 4)?
-6
What is 7 + 3 + -11 - (-3 + 1)?
1
What is (1 - -5 - 1) + -6?
-1
Calculate -4 + -4 + 10 + -2.
0
(-3 + 24 - 9) + -6
6
What is -6 + 9 + -1 - (-4 + -1)?
7
What is (-2 - (1 + 3 + -5)) + -5?
-6
What is -7 - (-11 + 2 - -4)?
-2
Evaluate -10 - (-2 - -3) - (24 - 29).
-6
What is (1 - -1 - -1) + -3?
0
What is -4 - -1 - 0 - -3?
0
What is -1 - 7 - (11 + (-28 - -2))?
7
What is the value of 1 + (2 + 3 + -4 - 3)?
-1
Calculate -2 - (-1 + (0 - 6)).
5
What is -2 + 0 + -1 - -1?
-2
Evaluate 1 + (-2 - -1) + -5 + 6.
1
Calculate -2 + -3 + (13 - 5) + 3.
6
Evaluate -46 + 28 - (1 - 11).
-8
What is (-7 - 3) + 29 + -25?
-6
What is -2 - (-2 - 1) - (1 + -1)?
1
What is 5 + (3 + -3 - 7)?
-2
What is 2 - (2 + (2 - 1 - 0))?
-1
Evaluate 3 - (-6 + 3 + 2).
4
Evaluate 7 + 2 + -10 + -7.
-8
What is the value of (-17 - -20) + (1 - 5)?
-1
Calculate 7 - (0 - 2) - 6 - -4.
7
(1 - 16) + -10 + 19
-6
What is (12 - 6) + -4 + -6?
-4
Evaluate (0 + -3 - 2) + (5 - -2).
2
Evaluate 5 + 2 + (-2 - 2).
3
What is the value of 1 - (7 - 2 - 9 - -1)?
4
(4 - 7) + 4 + -7
-6
Calculate (7 - (2 + (0 - -1))) + 1.
5
Calculate 6 - (9 + (5 - 6 - 6)).
4
Calculate -8 - (-1 + -2) - (11 + -14).
-2
What is 1 + (-8 - -10) + (-2 - -1)?
2
Calculate -10 + 6 + (6 - 2) - -2.
2
What is 9 + (-2 - (4 + (-2 - 0)))?
5
What is the value of -3 - (-8 + 4 + 4)?
-3
What is -4 - (-2 + -4 + (-1 - -7))?
-4
Calculate 4 + (-5 - -8) + -5.
2
What is the value of 3 - 7 - (-10 - (-18 - -13))?
1
What is 2 - 5 - 2 - -8?
3
3 - (2 + -4 - -4 - 2)
3
What is the value of -2 + -3 - -10 - 7?
-2
What is (4 - 15) + (9 - 3)?
-5
Evaluate -2 + 3 + -8 + 17 + -7.
3
Calculate 0 + 0 + 1 - 3.
-2
What is -4 - (-2 - (-5 - -4))?
-3
1 + 2 + -2 - 3
-2
Evaluate -10 - (0 + 0 + 1 + -1).
-10
Evaluate (20 - (15 - 3)) + -10.
-2
Evaluate (-3 + -1 - 4) + 8.
0
Evaluate 19 + -16 + (0 - -1).
4
Calculate 0 + -3 + 0 + 7.
4
What is -6 - 3 - -6 - (2 - 3)?
-2
1 + (1 - 10) - -3
-5
Evaluate 13 + 1 - 12 - (1 - 7).
8
Calculate -1 - 5 - (1 - 3).
-4
What is 1 + -1 + (2 - (0 + 1))?
1
(1 - 0) + 1 + (-7 - -3)
-2
Evaluate (-2 - 11) + (-1 - 1) + 8.
-7
What is the value of -5 - (-2 + -1 + 2 + -4)?
0
What is the value of 5 + (0 - (-5 + 8)) + 1?
3
(0 - -1) + (32 - 37)
-4
Calculate 15 + (-5 - 3) + -9.
-2
Calculate (4 - (0 + 7)) + 3 - -3.
3
What is -2 + -4 + 8 - 2?
0
7 + -5 - (-1 + 7)
-4
Calculate 0 - -3 - (4 - 2) - 5.
-4
What is the value of -65 + 68 + -1 + -1 + 6?
7
What is 5 + (2 - (-1 + 11))?
-3
Calculate 1 + -10 + 5 + -3 + 1.
-6
What is the value of 0 - (-6 - -3) - (18 - 11)?
-4
Evaluate 5 + -1 + (-5 - 2).
-3
(-1 - -6) + -3 + -12
-10
What is (-1 - -4) + -1 + -5 + 3?
0
Calculate 1 - (8 - (4 - (3 - 3))).
-3
Evaluate (-1 - -4) + -1 - -3 - 2.
3
What is (18 - 17) + (1 - 1) + 2?
3
Evaluate (25 - 25) + 2 + -1.
1
-3 + -2 + (-1 - -6)
0
What is 2 + (-2 - 1) + (4 - 8)?
-5
Calculate (1 - -2) + -3 - 1.
-1
What is the value of -5 + 1 + -5 + 4?
-5
(-2 - -8) + (2 + 1 - 5)
4
What is (0 - (2 - 0)) + (23 - 17)?
4
What is the value of -3 + 2 + 0 - (1 + -4)?
2
-3 - -12 - (4 - -2)
3
0 + -3 - 2 - -8
3
Evaluate 0 - (-5 + 5 + 4).
-4
Calculate -4 + 0 - (11 + -15).
0
Calculate (2 + (2 - 3) - 2) + -1.
-2
Evaluate 11 - 14 - (0 + -2).
-1
What is the value of 1 + 2 + (-3 - 2) - 2?
-4
What is the value of 21 - (21 - (-1 - -7))?
6
Evaluate -3 + (10 + -1 + 3 - 4).
5
What is -1 + (5 - (4 + -10 + 11))?
-1
(-1 - -5 - -1 - -2) + 2
9
4 - (4 - (4 - 3))
1
What is 5 - (6 - 0 - 8)?
7
What is 7 + (1 + -4 - (2 - 3))?
5
Evaluate 1 + 2 + -24 + 23.
2
3 + (-8 - (-17 - -6))
6
(3 - 7 - 0 - -8) + -3
1
What is (10 - 18) + 10 - (1 + -3)?
4
What is the value of 5 - (3 - -3 - (1 + -6))?
-6
(-9 + 8 - 0) + -2
-3
(8 - (-8 + 9)) + -12
-5
(2 - 1) + (0 - (0 - 3))
4
Evaluate -2 + -2 - -7 - 1.
2
Calculate (-6 - -6) + -4 + 4.
0
What is the value of 8 - (7 + 8 - 2)?
-5
Calculate (2 - -4) + -5 - (0 - 0).
1
What is the value of -4 + 12 - (-16 + 15)?
9
What is the value of 1 + 2 - (-6 - -9)?
0
Evaluate -10 - -4 - (-11 + -1 - 2).
8
What is 2 - (2 - -3) - (1 - 7)?
3
What is 1 + 0 - (4 + (3 - 8))?
2
What is the value of -5 - -2 - -1 - (-2 - 4)?
4
Evaluate 1 + -4 + -11 + 20.
6
What is the value of 5 + -19 - (-6 - 3)?
-5
68 - 64 - (6 - (0 + 2))
0
(-7 - -8) + -3 + 1
-1
What is -2 + (6 - 1) + -4 + 2?
1
-5 + (-6 - -7 - -4)
0
Evaluate 3 - (9 - 6 - -5).
-5
Evaluate 5 + -5 + (-5 - 0).
-5
Evaluate (4 - 2 - -3) + (-3 - 1).
1
Calculate -2 + 3 + (7 - 6).
2
Evaluate (-7 - -10) + -12 - -6 - -4.
1
What is 4 + -1 + 6 - 3?
6
What is the value of 38 - 38 - (1 - 4)?
3
-5 + 5 + (0 - -2)
2
Evaluate (8 - 4) + -3 + -3.
-2
What is the value of 20 - 13 - (0 - -4)?
3
Evaluate -4 + 1 + 0 - 0.
-3
12 + -2 + -6 + 1
5
What is 0 - (4 + -8) - (1 + 0)?
3
Evaluate 0 + (-1 - 1) + (-3 - -6).
1
Calculate -7 + (-2 - -3) - -8.
2
Calculate 4 + (3 - -2) + -13.
-4
What is -2 + -3 + 4 + 7?
6
Calculate -4 + -7 + 5 + 1.
-5
What is -4 + -1 + 5 - 6?
-6
What is the value of (5 - (-1 + 1)) + -3?
2
2 - 6 - -9 - (-1 + 4)
2
What is -7 - (-6 + -2 + 9 + 2)?
-10
1 + 7 + 9 + -22
-5
What is the value of 4 - ((4 - 5) + 5)?
0
Calculate 8 + 9 + -6 + -17.
-6
What is 0 + (-1 - -1) - (-80 - -76)?
4
4 - (-1 + 3 + -1)
3
(4 - (-3 + 3 - -2)) + 1
3
(4 - 10 - 5) + 7
-4
What is the value of -1 + 2 - (-8 + -1 + 6)?
4
Calculate 0 + (2 - -4 - 2).
4
What is (6 - 8 - 12) + 8?
-6
What is the value of (6 + 2 - (-4 + 4)) + -6?
2
Calculate 14 - 8 - (1 + 2).
3
What is -2 + 0 - (-2 + 2 - -1)?
-3
What is -2 - -7 - (-5 - -4) - 0?
6
What is the value of (-1 - 8) + (-131 - -140)?
0
-1 + (-7 - -4 - 0)
-4
Evaluate -3 - ((-1 - -2) + 0 - 3).
-1
What is the value of -1 + -7 + 7 + -3 - 0?
-4
What is 12 + -13 + 1 + 1?
1
What is 1 + (-4 - (-9 + 8))?
-2
What is (-8 - (-5 + 1)) + 2?
-2
What is the value of 5 + 6 + -15 + -1?
-5
What is the value of (27 - 14) + (0 - 7)?
6
What is the value of 1 + -3 + (-6 - -5 - -6)?
3
Evaluate 7 + (8 - 17) + -2.
-4
Evaluate -5 + 10 + -12 + 13.
6
Evaluate 1 - (7 + -6 + (-1 - -3)).
-2
What is -6 - (4 + -7 + -4) - -1?
2
What is the value of 1 + (2 - 7) + 3 - -1?
0
(10 - 13) + 4 + 1
2
Calculate 3 - ((-2 - -2 - -2) + 2).
-1
-9 + (-4 - -9) - -4
0
What is 3 + (-11 + 5 - -10 - 4)?
3
Evaluate 2 + -4 + (-7 - -5).
-4
(-3 - 0) + 35 + -35
-3
-6 + 2 - (12 - 12)
-4
1 - 2 - (1 + 1) - -5
2
What is the value of 0 + 1 + -6 + 11 + -3?
3
What is -6 + (2 - -5) + (-16 - -18)?
3
-6 + (1 - (-12 - -12))
-5
What is 2 - -4 - (2 + 8)?
-4
Calculate (0 - 0) + 1 - 2.
-1
What is 